- k**3 + 3*k**n. What is q(a)?
3
Let n(h) = 2*h**3 - 3*h**2 + h. Let m(d) = d**2 + 4*d - 19. Let r be m(-9). Let l = -24 + r. Give n(l).
6
Let v(y) = -y**2 - 2*y + 3. Let g = 37 + -40. Determine v(g).
0
Let u(q) = -1. Let x(a) = -a - 1. Let w(h) = -u(h) - 3*x(h). Give w(-5).
-11
Let d(l) = l - 11*l + 5 - l**2 + 4*l + 2*l**2. Calculate d(4).
-3
Let u(a) = -6*a**2 + a - 1. Suppose r - 6 = -2*r, 5*h = 5*r - 10. Suppose 0 = 4*z + 4*o + 16, 2*o + 8 = 4*z - h*z. Suppose z = 2*d + 3*d - 5. What is u(d)?
-6
Let f(q) be the third derivative of -q**6/120 - 2*q**5/15 - q**4/6 + 5*q**3/3 + 27*q**2. What is f(-7)?
-11
Suppose -5*h - 13 = -m + 5, h + m = 0. Let p(i) = i**2 + 3*i + 1. What is p(h)?
1
Let v(i) = 0 - 2*i - 2 + 2*i**2 + 0*i**2. Suppose -3 + 1 = -k. Calculate v(k).
2
Let o(j) = -2*j**2 - j + 1. Let x be 4/(-6)*(-18)/(-2). Suppose 5*w + 1 = 26. Let t(u) = -2*u**2 - u + 1. Let r(s) = w*t(s) + x*o(s). What is r(-2)?
5
Let i(h) be the third derivative of 1/60*h**5 + 0*h - 1/12*h**4 + 0 + 0*h**3 + h**2. Let b(f) = f + 10. Let u be b(-6). Calculate i(u).
8
Let q be 4/2 + 1 + -1. Let u(h) = 1 - 6*h**2 - 4*h**q + h**3 + 2*h + 7*h**2. Calculate u(2).
1
Let i(d) be the second derivative of d**5/60 + d**3/2 + d**2/2 + 3*d. Let w(z) be the first derivative of i(z). What is w(0)?
3
Let t(g) be the first derivative of g**2 - g - 22. Determine t(-6).
-13
Let o(y) = -y**3 + y**2 - y - 8. Let t(s) = 2*s**2 + 9*s + 4. Let z be t(-4). Determine o(z).
-8
Let o = -31 + 46. Let p = -8 + o. Let x(d) = d**3 - 3*d**2 - 5*d - 7. Let i(b) = -b**3 + 3*b**2 + 5*b + 8. Let g(l) = p*x(l) + 6*i(l). Calculate g(4).
-5
Let u be (-6 + 0)/(-15 - -16). Let p(g) = -g**3 - 6*g**2 - 1. Calculate p(u).
-1
Let d(g) be the first derivative of g**6/60 + g**5/20 - 2*g**2 + 4. Let x(p) be the second derivative of d(p). Calculate x(-2).
-4
Let b = 70 - 76. Let m(u) = u**3 + 6*u**2 - 3. Give m(b).
-3
Let g(t) be the third derivative of t**6/120 - t**5/30 + t**4/12 - t**3/3 - 2*t**2. Calculate g(2).
2
Let o be 6/8*12/9. Let k(u) = -u**3 + u**2. Determine k(o).
0
Let p(o) = -o**2 - 7*o - 4. Let n(q) = -2*q - 1. Let d(k) = 7*n(k) - 2*p(k). Let s be ((-1)/3)/((-1)/3). Calculate d(s).
3
Let n(y) = -y**2 + 3*y + 5. Let d(t) = 2*t - 3. Let q be d(4). Calculate n(q).
-5
Let m(g) = -1. Let c(x) = -1. Let s(l) = 2*l + 7. Let v(u) = 5*c(u) + s(u). Let w be 4/(-6) + (-5)/(-3). Let i(q) = w*m(q) + v(q). What is i(2)?
5
Let s(m) = -m**2 - 4*m + 4. Let f be s(-4). Let d(z) = f*z**2 + 1 - 1 - z + 0*z**2. Determine d(-1).
5
Let n(s) = -9 + 20 - 11 - 8*s. What is n(-1)?
8
Let b(k) = k**3 - 4*k**2 - 5*k + 3. Suppose -6*g + 16 = 4*h - g, 6 = -2*h + g. Let j be h/1*-1 - -1. Suppose 22 = j*i + 4*q, i - 5*q + 4 = -6. Determine b(i).
3
Let x be ((-4)/(-14))/1*7. Let i(j) = -j**3 + 3*j**2 - 4*j + 2. Determine i(x).
-2
Let c(q) = 0*q - 6*q + 15*q + 4*q - 1. What is c(1)?
12
Let t(k) = k + 3. Let b(i) = i**3 + i**2 + i + 8. Let d be b(0). Suppose f = h - 8, -2*f + d = -3*h + 7*h. Let x be 15/3*f/10. Determine t(x).
1
Let i(x) be the second derivative of x**3/3 - 2*x**2 + 2*x. Calculate i(5).
6
Let l = -3 - -5. Let n(q) = -5*q**l + 5*q**2 - q + 1 - 2*q**2 + q**3. Let f = 2 - 0. Give n(f).
-1
Let l = 5 - 5. Suppose -9 = d + 4*n - l*n, -2*n = 6. Let a(q) be the second derivative of -q**3/3 - 2*q**2 - q. What is a(d)?
-10
Suppose -9 = -2*p - 3. Let y(o) = 3*o + 2. What is y(p)?
11
Let s(g) be the third derivative of g**6/120 + g**5/30 + 2*g**3/3 + 18*g**2. Give s(-3).
-5
Let i(d) = -d**3 - 2*d**2 + d + 4. Suppose -4*s - 3 - 9 = 0. Determine i(s).
10
Let r = 1 - -3. Let v(n) = -r - 2*n**2 + n**3 - 7*n + 3*n**2 + 6*n. Let p(t) = -t + 3. Let u be p(3). What is v(u)?
-4
Let a(y) = -3*y. Let i be a(-2). Let d(q) = -13 - 15 - 9 + 36 - q. What is d(i)?
-7
Let a(l) be the second derivative of l**5/60 + l**4/24 + 2*l**3/3 + 5*l. Let r(o) be the second derivative of a(o). Let b = -3 - -4. Calculate r(b).
3
Let q(m) be the third derivative of 0 + 1/60*m**5 + 1/8*m**4 + 5*m**2 - 1/3*m**3 + 0*m. Give q(-4).
2
Let c(i) = -i**3 + 4*i**2 - 4*i + 2. Let m be c(2). Suppose 4*s - m*p - 7 = 9, -3*s + 21 = 3*p. Let u(y) = y**2 - 5*y + 3. Calculate u(s).
3
Let c(y) = -y**2 + 3*y**3 + 4*y**3 + 5 - 2*y**3 - 4*y**3. Let t(w) = w**3 + w. Let a be t(-1). Let q be a + (1 - (1 - 2)). Calculate c(q).
5
Let p(m) = -1 + 4 + 5*m**2 + m**3 - 6 - 6*m. Let s be p(-6). Let w be 1 - (3/s + -2). Let k(a) = a - 2. Determine k(w).
2
Let x(g) = -g. Let t(d) = 8*d - 1. Let j(y) = -t(y) - 6*x(y). Determine j(-1).
3
Let g(t) = 8*t + 1. Let h be g(1). Let s(c) = h*c - 1 - 8*c + 1 + 1. Determine s(5).
6
Let x(o) be the first derivative of -o**2/2 + 3*o + 9. Determine x(3).
0
Let c(i) = -2*i**2 - i - 1. Let y(d) = 4*d - 3*d + 0*d. Let j be y(-1). What is c(j)?
-2
Let n(d) be the second derivative of -d**4/12 + d**3/2 + 3*d**2/2 - 12*d. Give n(5).
-7
Let n be (0 + -1)*-5*1. Suppose -3 + n = a. Let t(l) = -l - 2. Give t(a).
-4
Let s(d) = 7*d**2 - 1. Let y(k) = -k**2 + k + 1. Let l(f) = -s(f) - 6*y(f). What is l(-7)?
-12
Let d = -67 - -66. Suppose -4*y = y - 5. Let h(k) = -6*k**3 - 2*k**2 + 3*k**3 - 2*k**3 - y - 2*k. Determine h(d).
4
Let c(h) be the first derivative of h**4/4 + h**2/2 + 4*h - 7. Give c(0).
4
Let h(n) be the first derivative of -n**2 - 4*n - 3. Let x(l) = l + 2. Let k(a) = 6*h(a) + 11*x(a). Let f = 23 + -28. Give k(f).
3
Let y(b) = b. Let k(i) = i - 2 + 6 - 3. Let p(f) = k(f) + 3*y(f). Let c be p(-1). Let a(s) = -s**3 - 2*s**2 + 2*s - 1. Calculate a(c).
2
Let q(t) = -15*t**3 + 3*t**2 - 15*t + 3. Let o(y) = 7*y**3 - y**2 + 7*y - 1. Let p(s) = -13*o(s) - 6*q(s). Calculate p(-5).
0
Suppose -u + 16 = -3*m, -4*u = -u + 4*m + 17. Let q be (3 - u)*1/1. Let x(t) = t**q - 3 + t + 4*t + 2. What is x(-4)?
-5
Let s(q) be the third derivative of -8*q**2 - 1/3*q**3 + 0 + 0*q - 1/12*q**4. What is s(5)?
-12
Let f(s) = s**2 + 5*s - 1. Suppose -23 = 4*d + q - 3, 2*q - 8 = 4*d. Give f(d).
-5
Let f(o) = -o**3 + 7*o**2 + o - 5. Let n be f(7). Let g(k) = k**3 - 3*k**2 - 2 - k + 3*k**2 - k**2. Calculate g(n).
0
Let n(r) = -r**3 + 3*r**2 + 3. Let g(j) = j**3 + 10*j**2 + j + 13. Let z be g(-10). Suppose 15 = 6*w - z. What is n(w)?
3
Let i(c) = -c**2 + 6*c - 2. Suppose -16 = -d + 5*d. Let u be (d/(-3))/((-16)/(-72)). Calculate i(u).
-2
Let z(l) = 2*l - 2 + 2*l + 3 + 2. Determine z(-3).
-9
Let q(w) be the first derivative of 9/2*w**2 - w - 1/3*w**3 - 2. Let n be q(9). Let a(z) = 6*z + 1. Determine a(n).
-5
Suppose f = 4, -5*l + 5*f - 3 = -8. Let i be l - (0 - 2 - -4). Let k(p) = 1 + 3*p**2 + 3*p**3 + 4*p - i*p**3 - p**3. Give k(4).
1
Let p(q) = -4*q + 4. Suppose -j + 2*m + 16 = 0, 0 = j - 2*m - m - 18. Suppose -2*s - j = -2. Let l(k) = -k**3 - 6*k**2 - 5*k + 3. Let d be l(s). What is p(d)?
-8
Let j(u) = -u**2 + 6*u. Let w be 16/28 - (-90)/14. Determine j(w).
-7
Suppose x - 9 - 17 = -3*f, -4*f + 2 = -x. Let p = x - 10. Suppose p*o - 2*m = 4, 2*o = -3*m + m - 4. Let u(v) = v**2 + v - 7. Give u(o).
-7
Let p be (90/(-35) + 2)*-7*1. Let h(x) = x**2 - 4*x + 9. Let w(o) = o + 1. Let g(n) = h(n) - 3*w(n). Give g(p).
-6
Let d be 44/(-52) - (74/(-26) - -3). Let l(m) = -5*m - 1. Determine l(d).
4
Let x(y) = -54*y + 30. Let c(b) = -25*b + 14. Let z(o) = 13*c(o) - 6*x(o). Let t be (-1)/((6/(-10))/(-3)). Determine z(t).
7
Let n(o) = 4*o**2 - 5. Let l(s) = -7*s**2 + s + 11. Let g(w) = -28*w**2 + 4*w + 45. Let u(q) = -2*g(q) + 9*l(q). Let y(a) = 5*n(a) + 3*u(a). Determine y(3).
2
Let z be ((-6)/18)/(1/(-6)). Suppose -4*a = -z*x - 38, -3*x - 20 = x. Let r(n) = -n**3 + 7*n**2 + n - 8. What is r(a)?
-1
Let m(k) be the second derivative of 0 + 2*k + k**2 - 1/6*k**3. What is m(-2)?
4
Let l = 6 - 1. Let w(o) be the first derivative of o**2 + 3*o - 149. What is w(l)?
13
Let z(m) be the first derivative of m**4/4 + m**3/3 + 5*m + 25. Calculate z(0).
5
Let c be 1 - 0 - (-2 + 0). Suppose 5*f + 8 = c*f. Let i(s) = -4*s - 1. Let o(x) = 3*x + 1. Let g(r) = -5*i(r) - 7*o(r). Calculate g(f).
2
Suppose 0 = -5*h - a - 4, 3*a = -h - a + 3. Let o(z) be the second derivative of z**5/20 + z**3/6 + z**2/2 - 2*z. What is o(h)?
-1
Suppose -4*l = -5*m - 6, -m + 3*l - 1 = 9. Suppose 0*o = m*o. Let i(j) = j**2 - j + 5. Determine i(o).
5
Let j(h) = -h**2 + 1. Suppose -3*d + 3 - 6 = 0. Give j(d).
0
Let a(o) = 3 + 6*o**2 -